{"id":3635,"date":"2021-01-14T12:27:19","date_gmt":"2021-01-14T11:27:19","guid":{"rendered":"https:\/\/www.berndhackl.de\/shop\/?post_type=product&#038;p=3635"},"modified":"2025-10-08T20:54:43","modified_gmt":"2025-10-08T18:54:43","slug":"set-extreme-trail-vorbereitende-uebungen-bodenarbeit-im-extreme-trail-park-teil-1-und-teil-2","status":"publish","type":"product","link":"https:\/\/www.berndhackl.de\/shop\/produkt\/set-extreme-trail-vorbereitende-uebungen-bodenarbeit-im-extreme-trail-park-teil-1-und-teil-2\/","title":{"rendered":"SET Teil 1 + 2: Vorbereitende \u00dcbungen &#038; Bodenarbeit EXTREME TRAIL Park"},"content":{"rendered":"<p>Inhalte Teil 1:<\/p>\n<p>Bodenarbeit &amp; Reiten<\/p>\n<div id=\"cc-shop-product-desc-text-15973031824\" class=\"description\">\n<p>Der erste Teil der DVD-Reihe besch\u00e4ftigt sich mit vorbereitenden \u00dcbungen f\u00fcr den Besuch in einem EXTREME TRAIL PARK. Die Auswahl an Lektionen dient aber auch als eine\u00a0 solide Basis f\u00fcr die allt\u00e4gliche Arbeit im Roundpen und auf\u00a0 dem Reitplatz<\/p>\n<ul>\n<li>Bodenarbeit im Round Pen<\/li>\n<li>Gerittene Vorbereitung am Reitplatz<\/li>\n<li>Einfache Hindernisse auf der Spielwiese<\/li>\n<li>Spielwiese geritten<\/li>\n<li>ca. 200 Minuten<\/li>\n<\/ul>\n<\/div>\n<p>&nbsp;<\/p>\n<p>Inhalte Teil 2:<\/p>\n<p>Der zweite Teil dieser DVD-Reihe befasst sich,\u00a0aufbauend auf \u201eVorbereitende \u00dcbungen (Teil 1)\u201c,\u00a0mit der Bodenarbeit an ausgew\u00e4hlten\u00a0Hindernissen im EXTREME TRAIL Park. Vorgestellt werden leichte, mittelschwere bis\u00a0schwierige \u00dcbungen. Diese k\u00f6nnen je nach\u00a0Ausbildungsstand individuell erarbeitet und\u00a0kombiniert werden.<\/p>\n<p>Das Training im EXTREME TRAIL an naturnahen Hindernissen sorgt f\u00fcr eine bessere Kommunikation mit dem Partner Pferd, schafft gegenseitiges Vertrauen und bietet eine hervorragende M\u00f6glichkeit zum gezielten Muskelaufbau und zur Gymnastizierung.<\/p>\n<p>Herausgeber Gut Hammerberg<\/p>\n","protected":false},"excerpt":{"rendered":"<p>Inhalte Teil 1: Bodenarbeit &amp; Reiten Der erste Teil der DVD-Reihe besch\u00e4ftigt sich mit vorbereitenden \u00dcbungen f\u00fcr den Besuch in einem EXTREME TRAIL PARK. Die Auswahl an Lektionen dient aber auch als eine\u00a0 solide Basis f\u00fcr die allt\u00e4gliche Arbeit im Roundpen und auf\u00a0 dem Reitplatz Bodenarbeit im Round Pen Gerittene Vorbereitung am Reitplatz Einfache Hindernisse [&hellip;]<\/p>\n","protected":false},"featured_media":3637,"template":"","meta":{"_acf_changed":false,"inline_featured_image":false},"product_brand":[],"product_cat":[54,56,63],"product_tag":[],"class_list":{"0":"post-3635","1":"product","2":"type-product","3":"status-publish","4":"has-post-thumbnail","6":"product_cat-dvds","7":"product_cat-beststeller","8":"product_cat-weitere-dvds","10":"first","11":"instock","12":"taxable","13":"shipping-taxable","14":"purchasable","15":"product-type-simple"},"acf":[],"_links":{"self":[{"href":"https:\/\/www.berndhackl.de\/shop\/wp-json\/wp\/v2\/product\/3635","targetHints":{"allow":["GET"]}}],"collection":[{"href":"https:\/\/www.berndhackl.de\/shop\/wp-json\/wp\/v2\/product"}],"about":[{"href":"https:\/\/www.berndhackl.de\/shop\/wp-json\/wp\/v2\/types\/product"}],"wp:featuredmedia":[{"embeddable":true,"href":"https:\/\/www.berndhackl.de\/shop\/wp-json\/wp\/v2\/media\/3637"}],"wp:attachment":[{"href":"https:\/\/www.berndhackl.de\/shop\/wp-json\/wp\/v2\/media?parent=3635"}],"wp:term":[{"taxonomy":"product_brand","embeddable":true,"href":"https:\/\/www.berndhackl.de\/shop\/wp-json\/wp\/v2\/product_brand?post=3635"},{"taxonomy":"product_cat","embeddable":true,"href":"https:\/\/www.berndhackl.de\/shop\/wp-json\/wp\/v2\/product_cat?post=3635"},{"taxonomy":"product_tag","embeddable":true,"href":"https:\/\/www.berndhackl.de\/shop\/wp-json\/wp\/v2\/product_tag?post=3635"}],"curies":[{"name":"wp","href":"https:\/\/api.w.org\/{rel}","templated":true}]}}