{"id":3362,"date":"2020-12-11T16:55:12","date_gmt":"2020-12-11T15:55:12","guid":{"rendered":"https:\/\/www.berndhackl.de\/shop\/?post_type=product&#038;p=3362"},"modified":"2026-01-08T17:54:53","modified_gmt":"2026-01-08T16:54:53","slug":"7p-kollektion-hoody-damen-grau","status":"publish","type":"product","link":"https:\/\/www.berndhackl.de\/shop\/produkt\/7p-kollektion-hoody-damen-grau\/","title":{"rendered":"7P-Kollektion Hoodie Damen grau \/ Stickung pink-beige"},"content":{"rendered":"<div id=\"d-d32\" class=\"pt-details__info\">\n<div id=\"d-d33\" class=\"pt-details__txt\">\n<p>Taillierter Hoodie aus der 7P-Kollektion. Dieser bequeme Kapuzenpulli geh\u00f6rt zur Wohlf\u00fchl-Grundausstattung eines echten Cowgirls.<\/p>\n<ul class=\"listMCE\">\n<li>Farbe grau<\/li>\n<li>Stickung pink \/ beige<\/li>\n<li>Schmaler, k\u00f6rpernaher Schnitt<\/li>\n<li>Schmale, leicht verl\u00e4ngerte \u00c4rmel<\/li>\n<li>Versteckte \u00d6ffnung f\u00fcr Kopfh\u00f6rerkabel in der K\u00e4ngurutasche<\/li>\n<li>30 Grad maschienenwaschbar<\/li>\n<li>Trocknergeeigent<\/li>\n<li>Robuste Stoffqualit\u00e4t (280 g\/m\u00b2) und weich angeraute Innenseite<\/li>\n<li>80% Baumwolle, 20% Polyester<\/li>\n<\/ul>\n<\/div>\n<\/div>\n<p>Egal ob im Stall oder beim\u00a0 Ausreiten, mit dem Hoodie aus der 7P-Kollektion wirst du immer eine gute Figur machen.<\/p>\n<p>Beim gem\u00fctlichen Zusammensitzen beim BBQ wird es am Abend frisch, im Fr\u00fchjahr gibt sich das Wetter launisch beim Reiten, der Herbstwind fegt durch die Stallgasse? Dieser Pullover ist\u00a0 deine ultimative Geheimwaffe dagegen.<\/p>\n<p>&nbsp;<\/p>\n<p>&nbsp;<\/p>\n<p>&nbsp;<\/p>\n","protected":false},"excerpt":{"rendered":"<p>Taillierter Hoodie aus der 7P-Kollektion. Dieser bequeme Kapuzenpulli geh\u00f6rt zur Wohlf\u00fchl-Grundausstattung eines echten Cowgirls. Farbe grau Stickung pink \/ beige Schmaler, k\u00f6rpernaher Schnitt Schmale, leicht verl\u00e4ngerte \u00c4rmel Versteckte \u00d6ffnung f\u00fcr Kopfh\u00f6rerkabel in der K\u00e4ngurutasche 30 Grad maschienenwaschbar Trocknergeeigent Robuste Stoffqualit\u00e4t (280 g\/m\u00b2) und weich angeraute Innenseite 80% Baumwolle, 20% Polyester Egal ob im Stall oder [&hellip;]<\/p>\n","protected":false},"featured_media":23496,"template":"","meta":{"_acf_changed":false,"inline_featured_image":false},"product_brand":[],"product_cat":[143,181,34,35],"product_tag":[],"class_list":{"0":"post-3362","1":"product","2":"type-product","3":"status-publish","4":"has-post-thumbnail","6":"product_cat-damen","7":"product_cat-damen-hoodies-und-jacken","8":"product_cat-reiter","9":"product_cat-kleidung","11":"first","12":"instock","13":"taxable","14":"shipping-taxable","15":"purchasable","16":"product-type-variable"},"acf":[],"_links":{"self":[{"href":"https:\/\/www.berndhackl.de\/shop\/wp-json\/wp\/v2\/product\/3362","targetHints":{"allow":["GET"]}}],"collection":[{"href":"https:\/\/www.berndhackl.de\/shop\/wp-json\/wp\/v2\/product"}],"about":[{"href":"https:\/\/www.berndhackl.de\/shop\/wp-json\/wp\/v2\/types\/product"}],"wp:featuredmedia":[{"embeddable":true,"href":"https:\/\/www.berndhackl.de\/shop\/wp-json\/wp\/v2\/media\/23496"}],"wp:attachment":[{"href":"https:\/\/www.berndhackl.de\/shop\/wp-json\/wp\/v2\/media?parent=3362"}],"wp:term":[{"taxonomy":"product_brand","embeddable":true,"href":"https:\/\/www.berndhackl.de\/shop\/wp-json\/wp\/v2\/product_brand?post=3362"},{"taxonomy":"product_cat","embeddable":true,"href":"https:\/\/www.berndhackl.de\/shop\/wp-json\/wp\/v2\/product_cat?post=3362"},{"taxonomy":"product_tag","embeddable":true,"href":"https:\/\/www.berndhackl.de\/shop\/wp-json\/wp\/v2\/product_tag?post=3362"}],"curies":[{"name":"wp","href":"https:\/\/api.w.org\/{rel}","templated":true}]}}