{"id":26648,"date":"2022-05-31T10:24:08","date_gmt":"2022-05-31T08:24:08","guid":{"rendered":"https:\/\/www.berndhackl.de\/shop\/?post_type=product&#038;p=26648"},"modified":"2026-02-23T10:50:42","modified_gmt":"2026-02-23T09:50:42","slug":"boots-turquoise","status":"publish","type":"product","link":"https:\/\/www.berndhackl.de\/shop\/produkt\/boots-turquoise\/","title":{"rendered":"Prodigy Athletic Boots \/ Gamaschen, Medium, 4-er Set, Turquoise"},"content":{"rendered":"<p>Empfohlen von Kerstin Rester<\/p>\n<p>Hochwertige Boots von Weaver.<\/p>\n<p>Die Marke Weaver steht f\u00fcr Qualit\u00e4t und hochwertige Verarbeitung<\/p>\n<p>4-er Set (f\u00fcr Hinter- und Vorderbeine)<\/p>\n<p>Farbe:Turquoise<\/p>\n<p>&nbsp;<\/p>\n<ul>\n<li>Markenqualit\u00e4t. von\u00a0WEAVER<\/li>\n<li>Prodigy Gamaschen in t\u00fcrkis<\/li>\n<li>Robust verarbeitet<\/li>\n<li>Dynamisches Haltebandsystem<\/li>\n<li>Neopren-Einlage sorgt f\u00fcr\u00a0Stossabsorption<\/li>\n<li>Perfekt anzupassen durch flexiblen\u00a0Klettverschluss<\/li>\n<li>Einfach in der Reinigung<\/li>\n<li>Inhalt 2 Paar f\u00fcr die Vorderbeine + Hinterbeine<\/li>\n<\/ul>\n<p>&nbsp;<\/p>\n<ul>\n<li>Gr\u00f6\u00dfe M :<\/li>\n<li>Fesselumfang 27,9 cm<\/li>\n<li>Schafth\u00f6he 25,4 cm<\/li>\n<\/ul>\n<table class=\"NormalTable\" style=\"height: 26px;\" width=\"18\">\n<tbody>\n<tr>\n<td width=\"381\"><\/td>\n<\/tr>\n<\/tbody>\n<\/table>\n<p>&nbsp;<\/p>\n<div class=\"recommendedBox\">\n<div class=\"recommendedImage\"><img decoding=\"async\" src=\"https:\/\/www.berndhackl.de\/shop\/wp-content\/uploads\/2022\/02\/Kerstin.jpg\" \/><\/div>\n<div class=\"recommendedText\">\n<p class=\"recommendedHeadline\">Empfohlen von Kerstin Rester<\/p>\n<p class=\"recommendedSubHeadline\">Trainerin auf der 7P-Ranch<\/p>\n<p class=\"recommendedContent\"><a href=\"https:\/\/www.berndhackl.de\/good-people\/trainerprofil\/trainerin-kerstin-rester\/\" target=\"_blank\" rel=\"noopener\">Trainerprofil von Kerstin<\/a><\/p>\n<\/div>\n<\/div>\n","protected":false},"excerpt":{"rendered":"<p>Empfohlen von Kerstin Rester Hochwertige Boots von Weaver. Die Marke Weaver steht f\u00fcr Qualit\u00e4t und hochwertige Verarbeitung 4-er Set (f\u00fcr Hinter- und Vorderbeine) Farbe:Turquoise &nbsp; Markenqualit\u00e4t. von\u00a0WEAVER Prodigy Gamaschen in t\u00fcrkis Robust verarbeitet Dynamisches Haltebandsystem Neopren-Einlage sorgt f\u00fcr\u00a0Stossabsorption Perfekt anzupassen durch flexiblen\u00a0Klettverschluss Einfach in der Reinigung Inhalt 2 Paar f\u00fcr die Vorderbeine + Hinterbeine &nbsp; [&hellip;]<\/p>\n","protected":false},"featured_media":26656,"template":"","meta":{"_acf_changed":false,"inline_featured_image":false},"product_brand":[],"product_cat":[118,223,334,31],"product_tag":[],"class_list":{"0":"post-26648","1":"product","2":"type-product","3":"status-publish","4":"has-post-thumbnail","6":"product_cat-trainingszubehoer","7":"product_cat-cowgirls","8":"product_cat-boots","9":"product_cat-pferd","11":"first","12":"instock","13":"taxable","14":"shipping-taxable","15":"purchasable","16":"product-type-simple"},"acf":[],"_links":{"self":[{"href":"https:\/\/www.berndhackl.de\/shop\/wp-json\/wp\/v2\/product\/26648","targetHints":{"allow":["GET"]}}],"collection":[{"href":"https:\/\/www.berndhackl.de\/shop\/wp-json\/wp\/v2\/product"}],"about":[{"href":"https:\/\/www.berndhackl.de\/shop\/wp-json\/wp\/v2\/types\/product"}],"wp:featuredmedia":[{"embeddable":true,"href":"https:\/\/www.berndhackl.de\/shop\/wp-json\/wp\/v2\/media\/26656"}],"wp:attachment":[{"href":"https:\/\/www.berndhackl.de\/shop\/wp-json\/wp\/v2\/media?parent=26648"}],"wp:term":[{"taxonomy":"product_brand","embeddable":true,"href":"https:\/\/www.berndhackl.de\/shop\/wp-json\/wp\/v2\/product_brand?post=26648"},{"taxonomy":"product_cat","embeddable":true,"href":"https:\/\/www.berndhackl.de\/shop\/wp-json\/wp\/v2\/product_cat?post=26648"},{"taxonomy":"product_tag","embeddable":true,"href":"https:\/\/www.berndhackl.de\/shop\/wp-json\/wp\/v2\/product_tag?post=26648"}],"curies":[{"name":"wp","href":"https:\/\/api.w.org\/{rel}","templated":true}]}}