{"id":23931,"date":"2021-06-07T14:29:13","date_gmt":"2021-06-07T12:29:13","guid":{"rendered":"https:\/\/www.berndhackl.de\/shop\/?post_type=product&#038;p=23931"},"modified":"2025-08-02T06:47:09","modified_gmt":"2025-08-02T04:47:09","slug":"bernd-hackl-foerdernde-bodenarbeit-gymnastizierende-lektionen-mit-videoanalysen","status":"publish","type":"product","link":"https:\/\/www.berndhackl.de\/shop\/produkt\/bernd-hackl-foerdernde-bodenarbeit-gymnastizierende-lektionen-mit-videoanalysen\/","title":{"rendered":"Bernd Hackl: F\u00f6rdernde Bodenarbeit &#8211; gymnastizierende Lektionen &#8211; mit Videoanalysen"},"content":{"rendered":"<p>Es ist noch gar nicht so lange her, dass der Umgang mit dem Pferd sich fast ausschlie\u00dflich auf das Reiten und damit auf die Kontrolle des Tieres von oben beschr\u00e4nkt hat. Heutzutage ist die Bodenarbeit jedoch f\u00fcr viele Pferdebesitzer ein fester Bestandteil im Training geworden. Im Gegensatz zum Reiten hast Du dabei den gro\u00dfen Vorteil, das Pferd komplett zu sehen und Dir dadurch einen Gesamteindruck von den Bewegungsabl\u00e4ufen des Pferdes zu verschaffen.<\/p>\n<p>Regelm\u00e4\u00dfige Bodenarbeit mit jungen Pferden ist die Basis guter Erziehung und bietet auch Reitpferden und alten Pferden eine willkommene Abwechslung. In der Arbeit vom Boden aus spiegelt sich oftmals das vertraute Verh\u00e4ltnis von Pferd und Mensch wider und man erkennt die Qualit\u00e4t des Miteinanders. Auf dieser Grundlage lassen sich zu Beginn einfache \u00dcbungen und sp\u00e4ter auch erweiterte gymnastizierende Lektionen erarbeiten.<\/p>\n<p>In diesem Webinar lernst Du, das Pferd durch Biegung und Stellung in ein gutes Gleichgewicht zu bringen und die Hinterhand zu aktivieren. Du erf\u00e4hrst, wie Du durch verschiedene Seiteng\u00e4nge das Pferd zum Schwerpunkt hinarbeitest. Denn Pferde, die durch eine trainierte Bauchmuskulatur Widerrist und R\u00fccken anheben, bleiben geschmeidig und gesund. All das hilft dem Pferd, Dich als Reiter besser zu tragen. Ein Gewinn f\u00fcr Vier- und Zweibeiner!<\/p>\n<div class=\"onlineStreamingBox\">\n<p>Die Aufzeichnung des Webinars kann als Online-Stream in Bernds Edudip Schulungs-Kanal ausgeliehen werden.<\/p>\n<div style=\"text-align: center;\"><strong><a id=\"extHackl\" class=\"single_add_to_cart_button button alt\" href=\"https:\/\/www.edudip.market\/w\/391830\" target=\"_blank\" rel=\"noopener\">Bernd Hackl: F\u00f6rdernde Bodenarbeit &#8211; gymnastizierende Lektionen &#8211; mit Videoanalysen bei Edudip ausleihen <i class=\"fas fa-file-video\"><\/i><\/a><\/strong><\/div>\n<div style=\"margin-top: 20px; padding-top: 10px; border-top: 1px solid #f1e8db; text-align: center;\">Zuk\u00fcnftige Live-Webinare findet ihr in <a href=\"https:\/\/www.edudip.market\/academy\/bernd.hackl\" target=\"_blank\" rel=\"noopener\">Bernds Edudip Schulungs-Kanal<\/a>.<\/div>\n<\/div>\n<h6><\/h6>\n","protected":false},"excerpt":{"rendered":"<p>Es ist noch gar nicht so lange her, dass der Umgang mit dem Pferd sich fast ausschlie\u00dflich auf das Reiten und damit auf die Kontrolle des Tieres von oben beschr\u00e4nkt hat. Heutzutage ist die Bodenarbeit jedoch f\u00fcr viele Pferdebesitzer ein fester Bestandteil im Training geworden. Im Gegensatz zum Reiten hast Du dabei den gro\u00dfen Vorteil, [&hellip;]<\/p>\n","protected":false},"featured_media":23932,"template":"","meta":{"_acf_changed":false,"inline_featured_image":false},"product_brand":[],"product_cat":[173,54],"product_tag":[],"class_list":{"0":"post-23931","1":"product","2":"type-product","3":"status-publish","4":"has-post-thumbnail","6":"product_cat-bernds-online-webinare","7":"product_cat-dvds","9":"first","10":"outofstock","11":"sold-individually","12":"product-type-simple"},"acf":[],"_links":{"self":[{"href":"https:\/\/www.berndhackl.de\/shop\/wp-json\/wp\/v2\/product\/23931","targetHints":{"allow":["GET"]}}],"collection":[{"href":"https:\/\/www.berndhackl.de\/shop\/wp-json\/wp\/v2\/product"}],"about":[{"href":"https:\/\/www.berndhackl.de\/shop\/wp-json\/wp\/v2\/types\/product"}],"wp:featuredmedia":[{"embeddable":true,"href":"https:\/\/www.berndhackl.de\/shop\/wp-json\/wp\/v2\/media\/23932"}],"wp:attachment":[{"href":"https:\/\/www.berndhackl.de\/shop\/wp-json\/wp\/v2\/media?parent=23931"}],"wp:term":[{"taxonomy":"product_brand","embeddable":true,"href":"https:\/\/www.berndhackl.de\/shop\/wp-json\/wp\/v2\/product_brand?post=23931"},{"taxonomy":"product_cat","embeddable":true,"href":"https:\/\/www.berndhackl.de\/shop\/wp-json\/wp\/v2\/product_cat?post=23931"},{"taxonomy":"product_tag","embeddable":true,"href":"https:\/\/www.berndhackl.de\/shop\/wp-json\/wp\/v2\/product_tag?post=23931"}],"curies":[{"name":"wp","href":"https:\/\/api.w.org\/{rel}","templated":true}]}}