{"id":202,"date":"2020-09-12T09:50:24","date_gmt":"2020-09-12T07:50:24","guid":{"rendered":"http:\/\/shop2020.berndhackl.de\/produkt\/import-placeholder-for-497\/"},"modified":"2025-09-30T21:02:35","modified_gmt":"2025-09-30T19:02:35","slug":"eq7-beta-complete","status":"publish","type":"product","link":"https:\/\/www.berndhackl.de\/shop\/produkt\/eq7-beta-complete\/","title":{"rendered":"eQ7 beta-complete"},"content":{"rendered":"<p><strong><span style=\"font-size: 14pt;\">eQ7 beta-complete <\/span><\/strong><\/p>\n<p><strong><span style=\"font-size: 14pt;\">(Mobilit\u00e4t &amp; Stoffwechsel)<\/span><\/strong><\/p>\n<p>OHNE ZUCKERZUSATZ<\/p>\n<p>OHNE F\u00dcLLSTOFFE (wie Melasse und Kleie)<\/p>\n<p>AUSGEWOGEN DOSIERT<\/p>\n<p>&nbsp;<\/p>\n<p><span style=\"font-size: 14pt;\"><strong>eQ7 beta-complete <\/strong><\/span>unterst\u00fctzt die nat\u00fcrliche Funktion von Gelenken, Nieren, Leber, Magen, Darm und Immunsystem.<\/p>\n<p>Es liefert wichtige Struktur- und Spurenelemente f\u00fcr den kompletten passiven Bewegungsapparat, sowie Fell, Haut und Hufe.<\/p>\n<p>Ideal auch zur Entschlackung!<\/p>\n<p>&nbsp;<\/p>\n<p><span style=\"font-size: 14pt;\"><strong>Anwendung:<\/strong><\/span><\/p>\n<p>Am besten mit dem angefeuchteten\/eingeweichten Lieblingsfutter verabreichen (z.B. Heucobs).<\/p>\n<p>WICHTIG: Erst das Pulver in das Wasser r\u00fchren und dann \u00fcber das Futter gie\u00dfen.<\/p>\n<p>Bei Akzeptanzproblemen, anfangs nur die halbe Dosis zugeben.<\/p>\n<p>&nbsp;<\/p>\n<p><span style=\"font-size: 14pt;\"><strong>F\u00fctterungsempfehlung:<\/strong><\/span><\/p>\n<p>8g pro 100kg K\u00f6rpergewicht t\u00e4glich (Gro\u00dfpferd 500kg: 2x20g t\u00e4glich).<\/p>\n<p>Die F\u00fctterungsdauer sollte mindestens 8 Wochen betragen.<\/p>\n<p>Danach 4 Wochen pausieren oder die Dosis halbieren.<\/p>\n<p><strong>1 Messl\u00f6ffel entspricht 15g<\/strong><\/p>\n<p><strong>\u00a0<\/strong><\/p>\n<p><span style=\"font-size: 14pt;\"><strong>Zusammensetzung:<\/strong><\/span><\/p>\n<p>Leinkuchen, Kurkuma, Brennnessel, Methylsulfonylmethan (MSM), Teufelskralle, Weihrauch<\/p>\n<p>Zusatzstoff: Kieselgur 24%<\/p>\n<p>&nbsp;<\/p>\n<p><span style=\"font-size: 14pt;\"><strong>Analytische Bestandteile:<\/strong><\/span><\/p>\n<p>Rohprotein 10%, Rohfaser 5,3%, Rohfett 1,6%, Rohasche 0,9%<\/p>\n<p>Gem\u00e4\u00df den Anti-Doping- und Medikamentenkontrollregeln der Deutschen Reiterlichen Vereinigung (FN) besteht bei diesem Produkt eine empfohlene Karenzzeit (von der letzten Anwendung des Produkts bis zum Einsatz auf dem Turnier) von 96 Stunden.<\/p>\n","protected":false},"excerpt":{"rendered":"<p>eQ7 beta-complete (Mobilit\u00e4t &amp; Stoffwechsel) OHNE ZUCKERZUSATZ OHNE F\u00dcLLSTOFFE (wie Melasse und Kleie) AUSGEWOGEN DOSIERT &nbsp; eQ7 beta-complete unterst\u00fctzt die nat\u00fcrliche Funktion von Gelenken, Nieren, Leber, Magen, Darm und Immunsystem. Es liefert wichtige Struktur- und Spurenelemente f\u00fcr den kompletten passiven Bewegungsapparat, sowie Fell, Haut und Hufe. Ideal auch zur Entschlackung! &nbsp; Anwendung: Am besten mit [&hellip;]<\/p>\n","protected":false},"featured_media":234,"template":"","meta":{"_acf_changed":false,"inline_featured_image":false},"product_brand":[],"product_cat":[64,65,31],"product_tag":[],"class_list":{"0":"post-202","1":"product","2":"type-product","3":"status-publish","4":"has-post-thumbnail","6":"product_cat-zusatzfutter","7":"product_cat-eq7","8":"product_cat-pferd","10":"first","11":"instock","12":"taxable","13":"shipping-taxable","14":"purchasable","15":"product-type-variable"},"acf":[],"_links":{"self":[{"href":"https:\/\/www.berndhackl.de\/shop\/wp-json\/wp\/v2\/product\/202","targetHints":{"allow":["GET"]}}],"collection":[{"href":"https:\/\/www.berndhackl.de\/shop\/wp-json\/wp\/v2\/product"}],"about":[{"href":"https:\/\/www.berndhackl.de\/shop\/wp-json\/wp\/v2\/types\/product"}],"wp:featuredmedia":[{"embeddable":true,"href":"https:\/\/www.berndhackl.de\/shop\/wp-json\/wp\/v2\/media\/234"}],"wp:attachment":[{"href":"https:\/\/www.berndhackl.de\/shop\/wp-json\/wp\/v2\/media?parent=202"}],"wp:term":[{"taxonomy":"product_brand","embeddable":true,"href":"https:\/\/www.berndhackl.de\/shop\/wp-json\/wp\/v2\/product_brand?post=202"},{"taxonomy":"product_cat","embeddable":true,"href":"https:\/\/www.berndhackl.de\/shop\/wp-json\/wp\/v2\/product_cat?post=202"},{"taxonomy":"product_tag","embeddable":true,"href":"https:\/\/www.berndhackl.de\/shop\/wp-json\/wp\/v2\/product_tag?post=202"}],"curies":[{"name":"wp","href":"https:\/\/api.w.org\/{rel}","templated":true}]}}