{"id":126,"date":"2020-09-12T09:47:51","date_gmt":"2020-09-12T07:47:51","guid":{"rendered":"http:\/\/shop2020.berndhackl.de\/produkt\/import-placeholder-for-413\/"},"modified":"2026-03-23T14:04:29","modified_gmt":"2026-03-23T13:04:29","slug":"bernd-hackl-einfach-verladen-dvd","status":"publish","type":"product","link":"https:\/\/www.berndhackl.de\/shop\/produkt\/bernd-hackl-einfach-verladen-dvd\/","title":{"rendered":"Bernd Hackl: \u201eeinfach\u201c verladen (DVD\/Online-Streaming)"},"content":{"rendered":"<p>Gut 100 Minuten geballte Informationen, u.a. ein 1 zu 1 Mitschnitt des Trainings mit einem Pferd, welches als verladeproblematisch gilt und leicht nachvollziehbare L\u00f6sungsans\u00e4tze.<\/p>\n<p>Zur Verbesserung der Verladef\u00e4higkeit, Optimierung der Verladezeit und Vertrauensf\u00f6rderung zwischen Mensch und Pferd.<br \/>\nGeeignet f\u00fcr alle Pferde. Auch f\u00fcr Jungpferde, als auch f\u00fcr \u00e4ltere Pferde, die bereits schlechte Erfahrungen mit dem Verladen gemacht haben.<\/p>\n<p>Musik von Calum Stewart: <a href=\"http:\/\/www.calum-stewart.com\/\" target=\"_blank\" rel=\"noopener noreferrer\">www.calum-stewart.com<\/a>. Die Musik von Calum Stewart ist unter anderem bei <a href=\"https:\/\/www.amazon.de\/s\/ref=nb_sb_noss_2?__mk_de_DE=%C3%85M%C3%85%C5%BD%C3%95%C3%91&amp;url=search-alias%3Daps&amp;field-keywords=calum+stewart&amp;rh=i%3Aaps%2Ck%3Acalum+stewart\" target=\"_blank\" rel=\"noopener noreferrer\">Amazon <\/a>erh\u00e4ltlich.<\/p>\n<h6>Inhalt:<\/h6>\n<ul>\n<li>Pr\u00e4parieren des Anh\u00e4ngers<\/li>\n<li>Vorbereitende Bodenarbeit<\/li>\n<li>Verladen in der Praxis<\/li>\n<li>Outtakes<\/li>\n<\/ul>\n<h6><\/h6>\n<h6>Trailer:<\/h6>\n<div class=\"brlbs-cmpnt-container brlbs-cmpnt-content-blocker brlbs-cmpnt-with-individual-styles\" data-borlabs-cookie-content-blocker-id=\"vimeo-content-blocker\" data-borlabs-cookie-content=\"PGlmcmFtZSBzcmM9Imh0dHBzOi8vcGxheWVyLnZpbWVvLmNvbS92aWRlby80OTIwNjAxNTY\/Y29sb3I9ZWZlOGRiIiB3aWR0aD0iNjQwIiBoZWlnaHQ9IjI4MCIgZnJhbWVib3JkZXI9IjAiIGFsbG93ZnVsbHNjcmVlbj0iYWxsb3dmdWxsc2NyZWVuIj48L2lmcmFtZT4=\">\n<div class=\"brlbs-cmpnt-cb-preset-c brlbs-cmpnt-cb-vimeo\">\n<div class=\"brlbs-cmpnt-cb-thumbnail\" style=\"background-image: url('https:\/\/www.berndhackl.de\/shop\/wp-content\/uploads\/borlabs-cookie\/1\/vimeo_492060156.jpg')\"><\/div>\n<div class=\"brlbs-cmpnt-cb-main\">\n<div class=\"brlbs-cmpnt-cb-play-button\"><\/div>\n<div class=\"brlbs-cmpnt-cb-content\">\n<p class=\"brlbs-cmpnt-cb-description\">Sie sehen gerade einen Platzhalterinhalt von <strong>Vimeo<\/strong>. Um auf den eigentlichen Inhalt zuzugreifen, klicken Sie auf die Schaltfl\u00e4che unten. Bitte beachten Sie, dass dabei Daten an Drittanbieter weitergegeben werden.<\/p>\n<p> <a class=\"brlbs-cmpnt-cb-provider-toggle\" href=\"#\" data-borlabs-cookie-show-provider-information role=\"button\">Mehr Informationen<\/a> <\/div>\n<div class=\"brlbs-cmpnt-cb-buttons\"> <a class=\"brlbs-cmpnt-cb-btn\" href=\"#\" data-borlabs-cookie-unblock role=\"button\">Inhalt entsperren<\/a> <a class=\"brlbs-cmpnt-cb-btn\" href=\"#\" data-borlabs-cookie-accept-service role=\"button\" style=\"display: inherit\">Erforderlichen Service akzeptieren und Inhalte entsperren<\/a> <\/div>\n<\/p><\/div>\n<\/p><\/div>\n<\/div>\n<h6><\/h6>\n<h6>Online-Streaming (ausleihen):<\/h6>\n<div class=\"onlineStreamingBox\">\n<p>Diese DVD kann auch als Online-Streaming Angebot in meinem <a href=\"https:\/\/vimeo.com\/berndhackl\" target=\"_blank\" rel=\"noopener\">Vimeo Kanal<\/a> ausgeliehen werden. <a href=\"https:\/\/www.berndhackl.de\/shop\/bernd-hackl-lehr-dvds-als-online-stream\/\" target=\"_blank\" rel=\"noopener\">So funktioniert das Ausleihen bei Vimeo.<\/a><\/p>\n<\/div>\n<p style=\"text-align: center;\"><a id=\"extHackl\" class=\"single_add_to_cart_button button alt\" href=\"https:\/\/vimeo.com\/ondemand\/bheinfachverladen\/\" target=\"_blank\" rel=\"noopener\">Bernd Hackl: \u201eeinfach\u201c verladen bei Vimeo ausleihen <\/a><\/p>\n<h6><\/h6>\n<h6 style=\"margin-bottom: 0;\">DVD kaufen:<\/h6>\n","protected":false},"excerpt":{"rendered":"<p>Gut 100 Minuten geballte Informationen, u.a. ein 1 zu 1 Mitschnitt des Trainings mit einem Pferd, welches als verladeproblematisch gilt und leicht nachvollziehbare L\u00f6sungsans\u00e4tze. Zur Verbesserung der Verladef\u00e4higkeit, Optimierung der Verladezeit und Vertrauensf\u00f6rderung zwischen Mensch und Pferd. Geeignet f\u00fcr alle Pferde. Auch f\u00fcr Jungpferde, als auch f\u00fcr \u00e4ltere Pferde, die bereits schlechte Erfahrungen mit dem [&hellip;]<\/p>\n","protected":false},"featured_media":193,"template":"","meta":{"_acf_changed":false,"inline_featured_image":false},"product_brand":[],"product_cat":[56,54,55],"product_tag":[],"class_list":{"0":"post-126","1":"product","2":"type-product","3":"status-publish","4":"has-post-thumbnail","6":"product_cat-beststeller","7":"product_cat-dvds","8":"product_cat-bernds-dvds","10":"first","11":"instock","12":"taxable","13":"shipping-taxable","14":"purchasable","15":"product-type-simple"},"acf":[],"_links":{"self":[{"href":"https:\/\/www.berndhackl.de\/shop\/wp-json\/wp\/v2\/product\/126","targetHints":{"allow":["GET"]}}],"collection":[{"href":"https:\/\/www.berndhackl.de\/shop\/wp-json\/wp\/v2\/product"}],"about":[{"href":"https:\/\/www.berndhackl.de\/shop\/wp-json\/wp\/v2\/types\/product"}],"wp:featuredmedia":[{"embeddable":true,"href":"https:\/\/www.berndhackl.de\/shop\/wp-json\/wp\/v2\/media\/193"}],"wp:attachment":[{"href":"https:\/\/www.berndhackl.de\/shop\/wp-json\/wp\/v2\/media?parent=126"}],"wp:term":[{"taxonomy":"product_brand","embeddable":true,"href":"https:\/\/www.berndhackl.de\/shop\/wp-json\/wp\/v2\/product_brand?post=126"},{"taxonomy":"product_cat","embeddable":true,"href":"https:\/\/www.berndhackl.de\/shop\/wp-json\/wp\/v2\/product_cat?post=126"},{"taxonomy":"product_tag","embeddable":true,"href":"https:\/\/www.berndhackl.de\/shop\/wp-json\/wp\/v2\/product_tag?post=126"}],"curies":[{"name":"wp","href":"https:\/\/api.w.org\/{rel}","templated":true}]}}