{"id":811,"date":"2014-06-29T11:00:40","date_gmt":"2014-06-29T09:00:40","guid":{"rendered":"https:\/\/shopberndhackl.mysupr.de\/bezahlung\/"},"modified":"2025-03-11T13:03:07","modified_gmt":"2025-03-11T12:03:07","slug":"bezahlung","status":"publish","type":"page","link":"https:\/\/www.berndhackl.de\/shop\/bezahlung\/","title":{"rendered":"Bezahlung"},"content":{"rendered":"\t\t<div data-elementor-type=\"wp-post\" data-elementor-id=\"811\" class=\"elementor elementor-811\" data-elementor-post-type=\"page\">\n\t\t\t\t\t\t<section class=\"elementor-section elementor-top-section elementor-element elementor-element-5ba7f54b elementor-section-boxed elementor-section-height-default elementor-section-height-default\" data-id=\"5ba7f54b\" data-element_type=\"section\" data-e-type=\"section\">\n\t\t\t\t\t\t<div class=\"elementor-container elementor-column-gap-default\">\n\t\t\t\t\t<div class=\"elementor-column elementor-col-100 elementor-top-column elementor-element elementor-element-355f4bfe\" data-id=\"355f4bfe\" data-element_type=\"column\" data-e-type=\"column\">\n\t\t\t<div class=\"elementor-widget-wrap elementor-element-populated\">\n\t\t\t\t\t\t<div class=\"elementor-element elementor-element-e23121e elementor-widget elementor-widget-heading\" data-id=\"e23121e\" data-element_type=\"widget\" data-e-type=\"widget\" data-widget_type=\"heading.default\">\n\t\t\t\t<div class=\"elementor-widget-container\">\n\t\t\t\t\t<h1 class=\"elementor-heading-title elementor-size-large\">Bezahlung<\/h1>\t\t\t\t<\/div>\n\t\t\t\t<\/div>\n\t\t\t\t<div class=\"elementor-element elementor-element-6e5d940 elementor-widget elementor-widget-heading\" data-id=\"6e5d940\" data-element_type=\"widget\" data-e-type=\"widget\" data-widget_type=\"heading.default\">\n\t\t\t\t<div class=\"elementor-widget-container\">\n\t\t\t\t\t<h2 class=\"elementor-heading-title elementor-size-medium\">Mein Shop bietet Ihnen flexible Zahlungsm\u00f6glichkeiten an<\/h2>\t\t\t\t<\/div>\n\t\t\t\t<\/div>\n\t\t\t\t<div class=\"elementor-element elementor-element-7a95efb elementor-widget elementor-widget-heading\" data-id=\"7a95efb\" data-element_type=\"widget\" data-e-type=\"widget\" data-widget_type=\"heading.default\">\n\t\t\t\t<div class=\"elementor-widget-container\">\n\t\t\t\t\t<h3 class=\"elementor-heading-title elementor-size-medium\">PayPal \n<\/h3>\t\t\t\t<\/div>\n\t\t\t\t<\/div>\n\t\t\t\t<div class=\"elementor-element elementor-element-5342929 elementor-widget elementor-widget-text-editor\" data-id=\"5342929\" data-element_type=\"widget\" data-e-type=\"widget\" data-widget_type=\"text-editor.default\">\n\t\t\t\t<div class=\"elementor-widget-container\">\n\t\t\t\t\t\t\t\t\t<p>Um es f\u00fcr Sie einfach und komfortabel zu machen, setze ich auf einen starken und bekannten Partner: PayPal Bei PayPal k\u00f6nnen Sie \u00fcber Guthaben, Lastschrift, Kreditkarte und viele weitere Methoden bezahlen \u2013 jederzeit und \u00fcberall. Dabei fallen f\u00fcr Sie keine weiteren Geb\u00fchren an.<\/p>\t\t\t\t\t\t\t\t<\/div>\n\t\t\t\t<\/div>\n\t\t\t\t<div class=\"elementor-element elementor-element-b5bec32 elementor-widget elementor-widget-heading\" data-id=\"b5bec32\" data-element_type=\"widget\" data-e-type=\"widget\" data-widget_type=\"heading.default\">\n\t\t\t\t<div class=\"elementor-widget-container\">\n\t\t\t\t\t<h3 class=\"elementor-heading-title elementor-size-medium\">Kreditkarte<\/h3>\t\t\t\t<\/div>\n\t\t\t\t<\/div>\n\t\t\t\t<div class=\"elementor-element elementor-element-b07404e elementor-widget elementor-widget-text-editor\" data-id=\"b07404e\" data-element_type=\"widget\" data-e-type=\"widget\" data-widget_type=\"text-editor.default\">\n\t\t\t\t<div class=\"elementor-widget-container\">\n\t\t\t\t\t\t\t\t\t<p>Wir bieten die einfache Bezahlung der Bestellungen mittels Visa und Mastercard.<\/p>\t\t\t\t\t\t\t\t<\/div>\n\t\t\t\t<\/div>\n\t\t\t\t<div class=\"elementor-element elementor-element-04a0fb0 elementor-widget elementor-widget-heading\" data-id=\"04a0fb0\" data-element_type=\"widget\" data-e-type=\"widget\" data-widget_type=\"heading.default\">\n\t\t\t\t<div class=\"elementor-widget-container\">\n\t\t\t\t\t<h3 class=\"elementor-heading-title elementor-size-medium\">Lastschrift<\/h3>\t\t\t\t<\/div>\n\t\t\t\t<\/div>\n\t\t\t\t<div class=\"elementor-element elementor-element-04aadd6 elementor-widget elementor-widget-text-editor\" data-id=\"04aadd6\" data-element_type=\"widget\" data-e-type=\"widget\" data-widget_type=\"text-editor.default\">\n\t\t\t\t<div class=\"elementor-widget-container\">\n\t\t\t\t\t\t\t\t\t<p>Die Bezahlung Ihrer Bestellung erfolgt mittels Lastschrift von Ihrem Bankkonto. Nach Bezahlung Ihrer Bestellung versenden wir die bestellten Artikel.<\/p>\t\t\t\t\t\t\t\t<\/div>\n\t\t\t\t<\/div>\n\t\t\t\t<div class=\"elementor-element elementor-element-a0e898e elementor-widget elementor-widget-heading\" data-id=\"a0e898e\" data-element_type=\"widget\" data-e-type=\"widget\" data-widget_type=\"heading.default\">\n\t\t\t\t<div class=\"elementor-widget-container\">\n\t\t\t\t\t<h3 class=\"elementor-heading-title elementor-size-medium\">Vorkasse<\/h3>\t\t\t\t<\/div>\n\t\t\t\t<\/div>\n\t\t\t\t<div class=\"elementor-element elementor-element-24c8311 elementor-widget elementor-widget-text-editor\" data-id=\"24c8311\" data-element_type=\"widget\" data-e-type=\"widget\" data-widget_type=\"text-editor.default\">\n\t\t\t\t<div class=\"elementor-widget-container\">\n\t\t\t\t\t\t\t\t\t<p>Nach Ihrer Bestellung \u00fcberweisen Sie den Zahlungsbetrag auf unser Bankkonto. Nach Zahlungseingang versenden wir die von Ihnen bestellten Artikel.<br><\/p>\t\t\t\t\t\t\t\t<\/div>\n\t\t\t\t<\/div>\n\t\t\t\t<div class=\"elementor-element elementor-element-a3c5152 elementor-widget elementor-widget-text-editor\" data-id=\"a3c5152\" data-element_type=\"widget\" data-e-type=\"widget\" data-widget_type=\"text-editor.default\">\n\t\t\t\t<div class=\"elementor-widget-container\">\n\t\t\t\t\t\t\t\t\t<p>Haben Sie noch weitere Fragen zur Bezahlung? Wir w\u00fcrden uns freuen, wenn Sie uns <a href=\"https:\/\/www.berndhacklshop.de\/kontakt\/\">kontaktieren<\/a> w\u00fcrden.<\/p>\t\t\t\t\t\t\t\t<\/div>\n\t\t\t\t<\/div>\n\t\t\t\t\t<\/div>\n\t\t<\/div>\n\t\t\t\t\t<\/div>\n\t\t<\/section>\n\t\t\t\t<\/div>\n\t\t","protected":false},"excerpt":{"rendered":"<p>Bezahlung Mein Shop bietet Ihnen flexible Zahlungsm\u00f6glichkeiten an PayPal Um es f\u00fcr Sie einfach und komfortabel zu machen, setze ich auf einen starken und bekannten Partner: PayPal Bei PayPal k\u00f6nnen Sie \u00fcber Guthaben, Lastschrift, Kreditkarte und viele weitere Methoden bezahlen \u2013 jederzeit und \u00fcberall. Dabei fallen f\u00fcr Sie keine weiteren Geb\u00fchren an. Kreditkarte Wir bieten [&hellip;]<\/p>\n","protected":false},"author":4,"featured_media":0,"parent":0,"menu_order":0,"comment_status":"closed","ping_status":"closed","template":"","meta":{"_acf_changed":false,"inline_featured_image":false,"footnotes":""},"class_list":["post-811","page","type-page","status-publish","hentry"],"acf":[],"_links":{"self":[{"href":"https:\/\/www.berndhackl.de\/shop\/wp-json\/wp\/v2\/pages\/811","targetHints":{"allow":["GET"]}}],"collection":[{"href":"https:\/\/www.berndhackl.de\/shop\/wp-json\/wp\/v2\/pages"}],"about":[{"href":"https:\/\/www.berndhackl.de\/shop\/wp-json\/wp\/v2\/types\/page"}],"author":[{"embeddable":true,"href":"https:\/\/www.berndhackl.de\/shop\/wp-json\/wp\/v2\/users\/4"}],"replies":[{"embeddable":true,"href":"https:\/\/www.berndhackl.de\/shop\/wp-json\/wp\/v2\/comments?post=811"}],"version-history":[{"count":6,"href":"https:\/\/www.berndhackl.de\/shop\/wp-json\/wp\/v2\/pages\/811\/revisions"}],"predecessor-version":[{"id":34785,"href":"https:\/\/www.berndhackl.de\/shop\/wp-json\/wp\/v2\/pages\/811\/revisions\/34785"}],"wp:attachment":[{"href":"https:\/\/www.berndhackl.de\/shop\/wp-json\/wp\/v2\/media?parent=811"}],"curies":[{"name":"wp","href":"https:\/\/api.w.org\/{rel}","templated":true}]}}